t b(f) = 178*f - 15. Let z(h) = -79*h + 7. Let v(s) = 4*b(s) + 9*z(s). Calculate v(-24).
-21
Suppose -10 = 2*i - 20*a + 24*a, 0 = 4*i + 2*a + 20. Let k be 5*(29/i + (11 - 5)). Let v(t) = 1 - 11*t**2 + 1 - 1. Determine v(k).
-10
Let q(h) = -15*h - 55. Let k(j) = 16*j + 49. Let g(n) = -9*k(n) - 8*q(n). Give g(-1).
23
Let x = -6 - -37. Let g = x - 29. Let h(w) = -g*w + 3*w - 3*w + w. What is h(-1)?
1
Let f(n) = 11 - 2*n - 2 + n. Let p = -23351 - -23358. Give f(p).
2
Let g(h) = h + 6. Let o(s) = -138*s + 286. Let l be o(2). What is g(l)?
16
Let z(s) = s**2 + 4*s - 60. Let x be z(-10). Let m(a) be the second derivative of a**3/6 + 13*a**2/2 - 228*a. What is m(x)?
13
Let v(y) be the third derivative of y**4/8 + y**3/6 - 23778*y**2. Suppose -5*r - 5*j = -5, r + r = 2*j - 6. Calculate v(r).
-2
Let c = -11810 + 11816. Let y(n) be the first derivative of n**2 - 8*n + 1. Calculate y(c).
4
Let d(n) = -6*n - 8. Let k = -3201 - -3206. What is d(k)?
-38
Let x = 74 + -71. Let r(b) = -102 + 98 + 3*b - x*b**2 - 2*b. Let h = 10 + -7. Calculate r(h).
-28
Suppose 218 = 28*i + 162. Let w(j) = -18*j**2 + 12*j - 19. Give w(i).
-67
Let o(g) = 19*g - 40. Let u(v) = 13*v - 27. Let k(w) = 5*o(w) - 7*u(w). Let h be 2655/(-1062)*48/(-10) + -6. What is k(h)?
13
Suppose 2*l = -3*a + 4*a - 21, -a - 2*l = -21. Suppose a*w + 182 + 154 = 0. Let k(g) = g + 16. What is k(w)?
0
Let v(t) = 7*t**2 - 14*t - 7. Let s(j) = -12*j**2 + 21*j + 11. Let a(q) = -q**2 - q. Let u(x) = a(x) - s(x). Let r(n) = 5*u(n) - 8*v(n). What is r(-1)?
-2
Let t(z) = 33*z**2 - 66*z**2 + 10 - 23*z**2 - z**3 + 28*z**2 - 2*z + 32*z**2. Give t(4).
2
Let h(f) be the third derivative of -f**6/120 + f**5/12 + 5*f**4/24 - 2*f**3/3 - 19*f**2 - 43. Give h(6).
-10
Let n(k) = 15*k**2 + 17*k. Let j be ((-1)/(-6))/(566/(-3396)). Determine n(j).
-2
Let a(h) be the second derivative of -h**5/60 + 11*h**4/24 - 8*h**3/3 + 5*h**2 + h + 47. Let o(d) be the first derivative of a(d). Give o(9).
2
Let t = -37 - -44. Let k be (7 - t)*1/(-2). Let y be ((k - -3)/6)/(5/60). Let g(a) = a - 2. Give g(y).
4
Let d(h) = 3*h**2 + 143*h**3 - 3*h**2 + 128*h**3 + 137*h**3 - 413*h**3. Let l(a) = a + 4. Let j be l(-3). Give d(j).
-5
Let o(x) be the third derivative of 7*x**4/24 - 7*x**3/6 + 582*x**2. What is o(-8)?
-63
Let a(u) be the second derivative of -u**2 - 1/3*u**3 + 4 - 5*u. Let h be 0 + 0 + (-1 - 2). Determine a(h).
4
Suppose 14*t - 28824 + 28964 = 0. Let c(d) = 2*d**2 + 15*d + 28. Calculate c(t).
78
Let a(z) = -z**2 - 11*z - 7. Let w(n) = 6*n**2 - n**2 + 2*n - 157*n**3 + 170*n**3. Let o be w(-1). What is a(o)?
3
Let u be 6 - -4 - (16 + -1). Let m(x) = -x**3 - 3*x**2 + 6*x - 1. Calculate m(u).
19
Let j(m) = 4*m**3 - m**2 - 3*m. Let f(o) = -o**3 - o**2 - 51*o + 2. Let i be f(0). Determine j(i).
22
Let x(n) = -n - 5. Suppose -61 = 4*c - 25. Let p(r) = -5*r - 20. Let h(y) = c*x(y) + 2*p(y). Determine h(-8).
13
Suppose -3*z = 3*d - 6, 5 + 15 = 5*z. Suppose r - 4 + 2 = 0. Let h(c) = c**r + 2*c - 1 - 3*c - 2 - 3*c. Calculate h(d).
9
Let m(n) = -4*n + 6. Let o(t) = 23*t - 18. Let k(j) = -3*m(j) - o(j). Suppose r + 6 = -5*u + 2, 3 = -3*u. Calculate k(r).
-11
Suppose 0 = g - 2, 0*f - f + 4*g = 13. Let l(y) be the first derivative of 2*y**2 + 111. Let k(a) = 2*a + 1. Let j(p) = -7*k(p) + 3*l(p). Calculate j(f).
3
Let d(u) = -u**2 - 59*u + 3684. Let v be d(-97). Let q(n) = -67*n**2 - 139*n - 2. Give q(v).
8
Let p be 21/(-5) - 5/(-25). Let y be 13 + (2 - 6)/p. Let c(f) = -9*f - 3*f - 3*f - 2 + y*f. Calculate c(3).
-5
Let c = -598 - -628. Suppose -32 = c*j - 28*j. Let i(t) = t**3 + 17*t**2 + 18*t + 25. What is i(j)?
-7
Let h(d) = -4*d + 48. Let a(l) = 27*l - 1069. Let r be a(40). Determine h(r).
4
Let b(s) = 130 - 162 + 28*s - 25*s. Determine b(4).
-20
Suppose -4*j - 8*c = -76, 76*j - 5*c + 41 = 72*j. Let v(g) = -15*g**2 - g - 3. Calculate v(j).
-19
Let h be -4 + 1052/16*4. Let w = h - 262. Let r(j) be the second derivative of -j**5/20 - j**4/4 + j**2/2 + 2*j. Give r(w).
1
Let q(m) = -m**3 + 58*m**2 - 265*m - 7. Let a be q(53). Let o(s) = 2*s - 9. Determine o(a).
-23
Let m(b) be the first derivative of -b**4/4 - 8*b**3/3 + 7*b**2/2 + b - 1131. Determine m(-9).
19
Let z = 10872 - 10864. Let s(p) = -7*p + 17. Determine s(z).
-39
Let i(p) = -8*p**2 - 47*p - 326. Let y(g) = -3*g**2 - 16*g - 119. Let m(r) = 4*i(r) - 11*y(r). What is m(9)?
-22
Let b = 5114 + -5118. Let l(g) = 2*g**2 + 5*g + 5. Determine l(b).
17
Suppose -11 = -m - 4. Suppose -7 = -2*n + 3*h, -1 = 18*n - 16*n + 5*h. Let b(g) = 6*g - 71*g**2 + 130*g**2 - 60*g**n + 7. What is b(m)?
0
Let a(w) = w**3 + 10*w**2 - 24*w - 15. Suppose 0 = 4*j - 2*y + 40, -4*y = 40 - 24. What is a(j)?
-15
Suppose -7 + 28 = 7*v. Let l(r) = -1 - 5*r - r - v + 5. Calculate l(6).
-35
Let o = -103 + 103. Let i(c) = o*c - 3*c + 3*c - 3 + 2*c. Calculate i(5).
7
Let w(g) = -97*g - 95*g - 93*g + 281*g - 3. Give w(2).
-11
Let k be ((-144)/(-1))/(-2)*372/279. Let z = k + 90. Let h(g) = -g - 6. What is h(z)?
0
Let a be 15 - (1 - 2)/((-9)/27). Suppose a + 4 = -16*r. Let b(w) = 20*w**2 - w. Determine b(r).
21
Let b(x) = 10*x**2 - 4*x**2 - 151*x + 368*x - 125*x - 3 - 146*x. What is b(9)?
-3
Suppose 0 = -106*v + 2*v + 55 - 2343. Let p(s) = -s**3 - 14*s**2 + 176*s - 8. Calculate p(v).
-8
Let d(v) = -2*v**2 - 26 + v**2 - 709374*v + 2*v**2 + v**3 + 709375*v. Determine d(0).
-26
Let z(y) = 2*y**2 - 17*y + 7. Let f(q) = q**2 - 8*q + 4. Let s(m) = -5*f(m) + 2*z(m). Let p = 34666 - 34660. Calculate s(p).
-6
Let m(q) be the second derivative of q**4/12 - 2*q**3 + 37*q**2/2 + 2*q + 351. What is m(3)?
10
Let d(v) = 31*v**2 - 11*v - 10. Let i be (22 - (-938)/(-42))*3. Calculate d(i).
32
Let i(t) = -2*t**2 + 3*t**2 - 13*t - 237248 + 0*t**2 - 237236 + 474474. Let b = -14 - -27. What is i(b)?
-10
Let u(a) = 6*a**2 + 17*a - 3. Let l(g) = 7*g**2 + 19*g - 2. Suppose -2*x - 5*f - 5 = 0, f - 9 - 7 = 3*x. Let r(d) = x*l(d) + 6*u(d). Give r(-9).
10
Let p(n) = 13*n**3 - n**2 + 3*n - 2. Let f(l) = -10*l + 2*l + 2 + 6*l + l**2 - 11*l**3. Let j(h) = -6*f(h) - 5*p(h). What is j(-3)?
-29
Let k(a) = 2*a**2 + 100*a - 14. Let z(f) = 3*f**2 + 171*f - 27. Let j(y) = -5*k(y) + 3*z(y). Give j(5).
29
Suppose 5*m - 164 = 61. Suppose -5*x + 99 = -106. Let d = m - x. Let l(c) = -9*c + 6. Determine l(d).
-30
Let p be -7 + 716/(-240) - 10*-1. Let h(f) be the third derivative of -3/8*f**4 + p*f**5 + 0 - 5/3*f**3 + 0*f - 3*f**2. What is h(8)?
-18
Let r(j) be the third derivative of 0 + 5*j**2 + 0*j**3 - 1/24*j**4 + 0*j. Let c(x) = 3*x + 52. Let s be c(-15). Determine r(s).
-7
Let k(q) = 48*q + 6. Let a be k(2). Let w(z) = -6*z + 100 + 5*z - a. Determine w(6).
-8
Let h(f) = 15 + 15 + 16 + 0 + 8 - 4*f. Give h(14).
-2
Let y(j) be the second derivative of j**5/20 - j**4/3 + 2*j**3/3 - 13*j**2 - 327*j. What is y(5)?
19
Suppose 6*x - 4 - 32 = 0. Let a(d) = 6 - x - 2*d + d. Let j(f) = 10*f + 3. Let r(s) = 6*a(s) + j(s). Give r(-2).
-5
Let j(m) = -59 - 979*m**2 + 981*m**2 + 68 - 19*m. Determine j(9).
0
Let g(t) = 9*t**2 + 3*t + 8. Let k be 5/(-15) + (-355)/213. What is g(k)?
38
Let h(x) = x**3 - 4*x**2 - 4*x + 13. Let r be h(4). Let o(u) = -2 + 11*u**3 + 5*u**2 + 8*u**3 + u - 1 - 17*u**3. Calculate o(r).
-15
Let r(x) = 4*x**2 - 385*x - 10. Let y(c) = -c**2 + 75*c - 1. Let b(h) = r(h) + 5*y(h). Suppose o + 15 = -5*p, o - 2*o - 1 = -2*p. Give b(o).
10
Let m(p) = -49 + 18*p - 138 + 177. Give m(-1).
-28
Let c(a) = 3*a**2 - 72*a - 10. Let i = 3388 + -3364. Calculate c(i).
-10
Let h(p) = -10*p**3 + 89*p**2 + 15*p - 57. Let d be h(9). Let v(u) = -2*u**3 - 6*u**2 - 9. Calculate v(d).
-9
Let u = 1903/1266 + -2/633. Let q(h) be the first derivative of 11*h - 13 - u*h**2. Give q(8).
-13
Let b(z) = -3*z - 5. Let x(a) be the third derivative of a**4/24 + a**3/6 - 2*a**2. Let q(n) = -b(n) - 6*x(n). Let o be q(0). Let k(v) = 15*v. Calculate k(o).
-15
Let r(u) be the third derivative of -u**7/2520 + 3*u**5/4 + 2*u**2 + 72*u. Let w(h) be the third derivative of r(h). Calculate w(-3).
6
Let h(l) = 7*l + 49. Let d be h(-8). Let p be (10 - 11)/(1/d). Suppose 3*x - 20 = -p*x. Let w(y) = -y**3 + y**2 + y + 1. What is w(x)?
-1
Let z(o) be the second derivative of -o**3/6 + 37*o**2/2 + 6*o - 853. What is z(27)?
10
Let n(p) = -2*p**2 + 33*p + 7. Let r(q) = 2*q**2 - 22*q + 37. Let u be r(10). Calcul